)*6/9. Suppose 0 = 4*u - 16, b*c - 5*u = 25 + 12. What is the greatest common divisor of 95 and c?
19
Let q(o) = -23*o**3 - 1. Let k be q(1). Let a be k/(-1 - (-1)/(-2)). Suppose 0 = -3*y - y + 192. What is the highest common factor of y and a?
16
Let t(h) = h**3 + 6*h**2 + h + 2. Let p = -12 + 7. Let u = -10 - p. Let v be t(u). What is the highest common factor of v and 55?
11
Let v be (-899)/(-93) - (-1)/3. Calculate the greatest common divisor of v and 670.
10
Let r(b) = -b**2 + 11*b + 15. Let q(k) = -2*k**2 + 11*k + 15. Let y(t) = -3*q(t) + 4*r(t). Let z be y(-6). Calculate the highest common factor of 14 and z.
7
Suppose -3*j - j = 4, 2*j = -3*a + 124. Suppose 46*c = 44*c + 8, 3*q + c - 22 = 0. Calculate the highest common divisor of q and a.
6
Let h be (3/6)/(1/2). Suppose h = 2*z - 3. Let q be (-14)/(-4) - z/(-4). What is the highest common divisor of q and 4?
4
Let w be -2 + 6/2 + 26. Let f = w + -23. Calculate the highest common factor of 2 and f.
2
Let c(h) = -h**3 - 6*h**2 + 8. Let o be c(-6). Suppose 3*s + 250 = o*s. Calculate the greatest common factor of 25 and s.
25
Suppose 3*k + 5*j = 37, -3*k + 3 + 24 = 3*j. Suppose 3*g = k*g - 10. What is the greatest common divisor of 70 and g?
10
Let n = 81 + -55. Let g be (-4)/n - 1107/(-13). Suppose -2*c + 7*c = g. Calculate the highest common factor of c and 34.
17
Suppose 9*j = -972 + 1062. Calculate the greatest common divisor of 570 and j.
10
Suppose 169 - 9 = -5*q. Let a = -17 - q. Let w be (0 - -3) + 2 - (0 - 1). Calculate the greatest common factor of w and a.
3
Suppose 33*g - 44 = 253. Calculate the highest common divisor of g and 57.
3
Let h = 197 + -164. What is the highest common factor of 22 and h?
11
Let f be 206/30 + (-20 - (-2416)/120). Calculate the highest common factor of f and 56.
7
Suppose 2*k + 2*k + 4*o - 16 = 0, -5*o = 5. Suppose k*i = 5*h + i - 251, 3*i = 3. Calculate the greatest common factor of 102 and h.
51
Let u be (7 - (8 - 9)) + 13. Suppose 87 = q - 18. Calculate the highest common divisor of u and q.
21
Suppose 2*m - 6 = m. Let o = -110 + 113. What is the greatest common divisor of m and o?
3
Let a(g) = 14*g - 9 - 3*g**2 + 6 + g**3 - 5*g**2 + 6. Let m be a(6). Calculate the highest common factor of m and 60.
15
Let q(h) = -h**2 + 43*h + 1. Let r be q(13). Suppose -4*x - 139 = -r. Calculate the greatest common factor of 3 and x.
3
Suppose 5*g = 25, g - 98 = -4*l - 5. Suppose 121 - l = p. Calculate the highest common divisor of 11 and p.
11
Suppose 7*g - 54 = 4*g. Suppose r + 4*k = -k + 106, 4*r = k + 508. What is the highest common divisor of g and r?
18
Let w(y) = -2*y**2 + 69*y - 22. Let f be w(31). What is the greatest common divisor of 39 and f?
39
Suppose k - 5*k + 532 = 0. Let y(o) = o**3 + 2*o**2 - 13*o - 13. Let d be y(-4). What is the greatest common divisor of d and k?
7
Suppose -10*u + 9*u + c = -33, 2*c + 32 = u. What is the greatest common factor of u and 1343?
17
Let j(b) = -9*b - 6. Let u be j(-4). Suppose 7*h = 2*h - u. Let p be 165/(-10)*4/h. What is the highest common divisor of 22 and p?
11
Let i be 940/50 + 4/(40/2). Calculate the greatest common factor of 817 and i.
19
Let v be 9/(-2)*(-60)/18. Let y = -15 + v. Suppose -4*f + 3*f + 185 = y. What is the highest common factor of f and 74?
37
Suppose -5*h + 8*h - 12 = 0. Suppose h*q = 2*u - 64, -2*u - 4*q = -0 - 104. What is the highest common factor of u and 14?
14
Let p be (-38)/(-2) + (-84 - -85). What is the highest common factor of p and 125?
5
Suppose 4*z = -5*m + 515 + 4726, -2082 = -2*m + 2*z. Calculate the greatest common divisor of 190 and m.
95
Let i(u) = -u**3 - 8*u**2 - 2*u - 6. Let h be 27/(-9) + -7 + 2. Let q be i(h). Calculate the greatest common divisor of q and 35.
5
Let i be (-2)/(-8) + 38/8. Suppose -4*q = -i*g + 1, -3*g + q + 4 = 2*g. Suppose 2*a - 4 = h, 4*a - 8 = 5*h - h. Calculate the greatest common factor of a and g.
1
Suppose 4*i + 0 = -12, 2*b - 181 = -5*i. Let y be b/8 + 5/(-20). Calculate the highest common divisor of 84 and y.
12
Let b be 9 + (-2568)/(-3 - 1). What is the greatest common factor of 31 and b?
31
Let s be 41 - 8 - (-1 + -2). Calculate the highest common divisor of s and 24.
12
Suppose 558*y - 552*y = 144. Calculate the highest common factor of 516 and y.
12
Let u(f) = 266*f + 33. Let t be u(1). What is the highest common divisor of 23 and t?
23
Let k(n) = 16*n**2 + 137*n + 12. Let q be k(-9). Suppose -5*o + 25 = -4*o. What is the highest common factor of q and o?
25
Let l be 48/(-40)*40/6. Let n = 12 + l. Let z(d) = d**2 + 2*d - 3. Let g be z(n). What is the highest common factor of g and 105?
21
Let o = -28 - 0. Let g be -2 + 7/(o/(-16)). Suppose g*u + u = 60. Calculate the highest common factor of u and 4.
4
Let x be 3 + 1029/6 - (-2)/4. Calculate the greatest common factor of 35 and x.
35
Let a(j) = -9*j. Let d(k) = -k. Let c(i) = a(i) - 6*d(i). Let t be c(-4). Calculate the highest common factor of t and 48.
12
Suppose 7*b + 4 = 8*b, -5*b = -4*o + 40. Calculate the greatest common factor of o and 3.
3
Let n = 589 - 552. What is the greatest common divisor of 629 and n?
37
Let a be -2*(3 - 1) - 2. Let h be (-3 - 27/a)*16. Let s be ((-3)/(-2))/(9/48). Calculate the greatest common factor of s and h.
8
Let o(f) = f**3 + 6*f**2 + 4*f - 6. Let c be o(-5). Let x be -21*c/(-1)*-1. Let p = x - -81. Calculate the greatest common factor of p and 34.
34
Let m = -269 + 836. Calculate the greatest common factor of m and 126.
63
Suppose -10 = -2*y - q, -3*y + 0*q - 3*q + 9 = 0. Let t be 324/y - 4/14. Calculate the greatest common factor of 69 and t.
23
Suppose 4*k + 1053 = 7*k + p, 0 = -4*k + 2*p + 1414. What is the greatest common factor of 264 and k?
88
Let s = 17 - -235. Suppose -2*l + 8*v - 3*v + 51 = 0, -l - 4*v = -32. Calculate the highest common divisor of l and s.
28
Let c = -11 + 21. Let o = -144 - -146. Calculate the greatest common factor of c and o.
2
Let w = -6018 + 9919. What is the greatest common factor of 83 and w?
83
Let x(t) = -t**2 + 3*t + 18. Let z be x(0). Suppose 3*g - 24 = -4*o, -3*g = 2*o - 0*o - z. Calculate the highest common factor of g and 36.
4
Let h be (6 - 2 - 28) + 6. Let v be (-240)/h + 12/(-9) + 2. Let s be ((-35)/3)/((-2)/12). What is the highest common divisor of s and v?
14
Let b(v) = -2*v + 37. Let t be b(4). What is the greatest common divisor of 2 and t?
1
Let q(m) = -3 + 2 + 3*m + m**3 + 5*m**2 + 3. Let r be q(-4). What is the highest common divisor of 30 and r?
6
Let p be (7 + -37)/((-6)/135). What is the greatest common factor of 15 and p?
15
Let u = 234 - 139. What is the highest common divisor of u and 57?
19
Let g = 164 + 224. Calculate the highest common factor of 97 and g.
97
Let w(q) = -172*q**3 + 1. Let g be w(-2). Calculate the greatest common factor of g and 17.
17
Let w be (1 + -2 - -100) + 3. Let l = w + 49. Suppose -5*a + j = -l, -3*j = -2*a + 56 + 7. What is the highest common divisor of 30 and a?
30
Let y = -146 - -150. Suppose 0 = 4*j + z - 12, 0 = -j + 4*z - 9*z + 22. Suppose -8 = -2*o - 2, 2*o = b + j. Calculate the highest common divisor of y and b.
4
Suppose 0 = -4*q + q + 69. Let o be (-38)/(-209) + 20/11. Suppose 920 = o*r + 3*r. Calculate the greatest common divisor of r and q.
23
Let c(a) = -23*a**3 - 4*a**2 - 2*a + 1. Let t be c(-2). Let u be t - (1 - (-2 + 3)). Let l = u - 74. What is the highest common factor of 9 and l?
9
Let k = 214 - 60. Suppose 152*h + 154 = k*h. Suppose 4*y = 2*y + 14. What is the highest common divisor of y and h?
7
Let r = 210 - -15. Let g = -1062 - -1087. What is the greatest common factor of g and r?
25
Suppose -k - k - 2 = 2*v, 2*v + 6 = 0. Suppose -k*c + 45 = -t - 101, 0 = -3*c + 2*t + 218. Let p = -47 + c. Calculate the highest common divisor of p and 9.
9
Let n = -629 + 159. Let q = -272 - n. Calculate the highest common factor of 22 and q.
22
Let x = 103 + 53. Calculate the greatest common factor of 39 and x.
39
Suppose -2221 - 2882 = -21*k. Calculate the highest common factor of 9 and k.
9
Suppose -4*p + 59 = 15. Let r be (-2 - -2 - 0) + 2. Let g be r/(-3) + 466/6. What is the highest common factor of p and g?
11
Let f(l) = 8*l**3 - 3*l**2 + 3*l + 2. Let s be f(2). Calculate the highest common divisor of s and 540.
60
Suppose -6256 = 193*g - 210*g. Wh